 - 14 = -v. Let o = -131 + v. Let t = 137 + o. What are the prime factors of t?
2, 5
Let y be 3/((-9)/(-15)) - 0. Suppose -y*x + 5*l + 1085 = 0, -43 = 2*x - 5*l - 489. What are the prime factors of x?
3, 71
List the prime factors of (-11642)/18*(2 + 4 + -15).
5821
Let s = -1200 + 11295. List the prime factors of s.
3, 5, 673
Suppose 36641 + 30473 = 2*z + 4*v, 16*v + 134324 = 4*z. List the prime factors of z.
5, 7, 137
Suppose -5*a + o = 15, -3*a + 0*a = 5*o - 19. Let i be (-375)/a*(-8)/(-6). Let s = i + -173. List the prime factors of s.
7, 11
Let x(u) = u**3 + 26*u**2 + 22*u + 48. Let f = 388 + -412. List the prime factors of x(f).
2, 3, 7
Suppose 4*x + 1583 = 3*a - 134, -2*a - 4*x + 1138 = 0. List the prime factors of a.
571
Suppose 5*v = 3*i - 15, -5*v + 0*i - 10 = -2*i. Suppose 7*y - 1708 - 2604 = v. What are the prime factors of y?
2, 7, 11
Let w(q) = q**2 + 9*q + 12. Let u(b) = -5*b + 7. Let s be u(3). Let v be w(s). What are the prime factors of -2 + (v - 3) - (-21 - -1)?
19
Let c = 32 - 29. Suppose x - 327 = c*v, 2*x = 9*v - 8*v + 669. List the prime factors of x.
2, 3, 7
Let z = -5167 - -7294. List the prime factors of z.
3, 709
Let n(q) = 3*q - 30. Let g be n(10). Suppose m - 2177 = -2*f, -3*m + g*m = -15. Suppose -2*h - 4*h = -f. What are the prime factors of h?
181
Suppose 40 = m - 6*m. List the prime factors of -81*(m/(-2) + -5).
3
Let u = 22 + -20. Suppose -k - 5 = 0, 0 = 5*g - 2*k - 2*k - 40. Suppose 92 = -g*i - u*q + 502, -2*q = -2. List the prime factors of i.
2, 3, 17
Let v be (-42 - 0)*(-17 + 18). What are the prime factors of ((-2331)/v)/((-1)/(-2))?
3, 37
Let j(f) = -f**2 - 4*f + 11. Let q(b) = 3*b**2 + 8*b - 23. Let i(n) = -5*j(n) - 2*q(n). Let v be i(0). What are the prime factors of -3*(132/v - -2)?
2, 19
Let x(n) = -519*n + 1285. What are the prime factors of x(-6)?
53, 83
Suppose -387638 = g + 15*g - 1374198. What are the prime factors of g?
2, 5, 3083
Suppose -78*y + 1168508 = 214*y - 9284508. List the prime factors of y.
2, 7, 2557
Let g = 434 + -436. List the prime factors of (-9312)/168*7/g.
2, 97
Let f(s) = -s**3 + 18*s**2 - 12*s - 8. Suppose t - 40 = -23. Let h be f(t). Suppose -c + j = -h + 25, j = 4. List the prime factors of c.
2, 7
What are the prime factors of 50047*11/132*-6*-2?
50047
Let q = 808 + 465. Suppose -m = -22*w + 19*w + q, 2*w + m = 852. What are the prime factors of w?
5, 17
Let g(j) = -13*j**3 + 5*j**2 - 6*j + 6. Let m(x) = -14*x**3 + 6*x**2 - 7*x + 7. Let h(s) = -6*g(s) + 5*m(s). List the prime factors of h(1).
2
Let z(v) = -36*v**3 + 6*v**2 - 35*v + 14. What are the prime factors of z(-6)?
2, 13, 79
Let j(d) = 13*d + 6. Let z be j(-11). Let l be z/4 - (-3)/12. Let x = 36 + l. List the prime factors of x.
2
Let d be -21*5/(-60)*-24. Let z = d + 49. Let f(c) = -c**3 + 9*c**2 + 2*c + 10. List the prime factors of f(z).
2, 61
Let f be (1923 + -2)*-1 - (-22 - -19). Let c = -1097 - f. List the prime factors of c.
821
What are the prime factors of -3*(14136/(-14) + (-44)/154)?
2, 3, 5, 101
Let j(r) = 14*r - 4. Let g be j(3). Suppose -o - g = 2. Let d = 123 + o. What are the prime factors of d?
83
Let o = 60302 + -41628. What are the prime factors of o?
2, 9337
Suppose -50*g + 94*g = -82*g + 997542. List the prime factors of g.
3, 7, 13, 29
Let l(m) = -m**2 - m + 1. Let j(o) = -4*o**2 - o + 24. Suppose -28 = 4*x + 2*v, -x + 3 = -0*x - 2*v. Let z(q) = x*l(q) + j(q). List the prime factors of z(11).
2, 23
Let o(y) = y**3 - 11*y**2 - 22*y - 11. Let k be o(14). Suppose 5*t - 351 - k = 0. Let l = t + -87. What are the prime factors of l?
37
Let g(p) = -6*p**2 - 339*p - 145. List the prime factors of g(-28).
4643
What are the prime factors of 124/310*(279537/9 - 1/(-3))?
2, 1553
Let g be 4/(-6)*-3 + 33. Suppose 0 = 5*b - 16*b + 336 - 50. Suppose 5*i - g = -4*z, -z + 4*z - b = -4*i. List the prime factors of z.
2, 5
Suppose -47724 = -3*m + 4*y, -m - 4*y + 15928 = -2*y. What are the prime factors of m?
2, 23, 173
Suppose 0 = -5*p - 3*q + 271077, -3*p + 75*q = 78*q - 162639. What are the prime factors of p?
3, 11, 31, 53
Let j be 6/10 + 2016/(-160). List the prime factors of (-6)/(12/61)*j.
2, 3, 61
Let b(x) = 553*x + 10. Let w = -202 + 203. What are the prime factors of b(w)?
563
Suppose -46*t + 48*t - a - 20671 = 0, 0 = 4*a + 20. List the prime factors of t.
10333
Suppose -3*c = -4*v + 4, 2*c = -5*v + 20 + 8. Suppose -2*i = 2*b - 388, 0*i - 199 = -b + c*i. List the prime factors of b.
3, 5, 13
Suppose 0 = 5*o + 5*g - 15106 - 9244, 4*o + 3*g - 19476 = 0. List the prime factors of o.
2, 3, 811
Suppose -23*k + 608526 = 126*k - 40667. List the prime factors of k.
4357
Suppose 0 = 2*u + 5*c - 195, -3*u - 14 = 2*c - 279. Let d be ((-36)/(-30))/((-21)/(-3185)). Let k = d - u. List the prime factors of k.
97
Let d(u) = -u**3 - 98*u**2 - 236*u + 58. List the prime factors of d(-96).
2, 2141
Let g(p) = -4*p**3 - p**2 - 1. Let y(x) = 8*x**3 + 8*x**2 - 7*x - 2. Let m(w) = 4*g(w) + y(w). What are the prime factors of m(-5)?
1129
Let n = -2170 + 12236. List the prime factors of n.
2, 7, 719
Let a = 13578 + -9691. List the prime factors of a.
13, 23
Let d(u) be the third derivative of -u**6/120 - 11*u**5/60 - 13*u**4/12 + 13*u**3/2 - u**2 + 124*u. List the prime factors of d(-12).
3, 5, 11
Let w(g) = 2017*g - 499. What are the prime factors of w(11)?
2, 2711
List the prime factors of 8212 - (34 - 34)/(-2 + -1).
2, 2053
Let t = 234899 + -159268. List the prime factors of t.
53, 1427
Suppose 4*j = -5*w + 15, j + 12 = 6*j + 4*w. Let d(u) = -2*u**3 + u. Let m be d(-1). What are the prime factors of 82/m - (-2 + j)?
2, 3, 7
Suppose 114*t = 64*t + 62*t - 151440. List the prime factors of t.
2, 5, 631
Let x = -373 - -523. Let q = 514 - x. List the prime factors of q.
2, 7, 13
Let c = 11660 + 10923. What are the prime factors of c?
11, 2053
Let s = -4 + 11. Suppose 0 = 4*h - 1 - s. Suppose 243 = h*q + 2*q - 3*o, 0 = 4*q - 5*o - 253. What are the prime factors of q?
3, 19
Let y = 61 - 56. Suppose 7*j = 2*j - b - 7, -3*b = -j + y. List the prime factors of 28/(60/(-68) - j).
2, 7, 17
Let u = -118 - -114. Let f be 18/(-24)*u - 6. Let i = 11 + f. What are the prime factors of i?
2
Let n(j) = j**3 - 7*j**2 - 69. Let f be n(10). Suppose -f = 5*i - 1291. What are the prime factors of i?
2, 53
Suppose 4*k + 4*r = 69800, -k - 7*r + 4*r = -17448. What are the prime factors of k?
3, 7, 277
Suppose -6*m + 106 = 34. Suppose 4*o - m - 16 = 0. Suppose -o*w + 348 = -w. List the prime factors of w.
2, 29
Let i(k) = -14*k**3 + 2*k**2 + 5*k + 6. Let g(h) = -5*h + 28. Suppose -22*w + 12 = -20*w. Let b be g(w). List the prime factors of i(b).
2, 29
Let j be (-24)/42 + (-4)/(-7). Suppose j = 4*v + 3*k - 5, -3*v + 6*k = 9*k. Suppose -701 = -v*t + 149. List the prime factors of t.
2, 5, 17
Let q = 262 - 376. Let n = 75 - q. Suppose 0 = 4*u - 7*u + n. List the prime factors of u.
3, 7
Let v(q) = 49*q - 26. Let o be v(4). Let j = o + 96. List the prime factors of j.
2, 7, 19
Let a(v) = 2*v**3 + 87*v**2 - 417*v + 34. What are the prime factors of a(-40)?
2, 17, 821
Let r(j) = -j**3 + 19*j**2 - j + 16. Let a be 35/2 - (-15)/10. Let f be r(a). What are the prime factors of (14 + f)*3*1?
3, 11
Let j be 56/(-4) + 6 + 7. List the prime factors of j*(-10)/(-15)*-1545.
2, 5, 103
Suppose 0 = -h - 3*j + 26806, j + 26818 = -30*h + 31*h. List the prime factors of h.
5, 31, 173
Let o = -45 - -43. Let l be (o + (-56)/5)/((-4)/10). Suppose -127*k + 130*k - l = 0. List the prime factors of k.
11
Suppose 4657*n - 279048 = 4635*n. What are the prime factors of n?
2, 3, 7, 151
Suppose -15245 = -87*a + 83*a + 5*p, -3*p + 3824 = a. List the prime factors of a.
5, 7, 109
Let j be (-72)/30*((-134)/(-3) + 2). Let c = j + 152. Suppose -c = -2*x - 5*b, -3*x + 5*b = -0*x - 110. What are the prime factors of x?
2, 3, 5
Suppose -4 = -19*r + 17*r. Suppose 3*d - l = -3*l + 1051, r*l = -d + 357. List the prime factors of d.
347
Let o(u) = -163*u - 23. Let h be o(-3). Let p = 810 - h. List the prime factors of p.
2, 43
Let s be (5 + -7)*(-2)/(-6)*-3. Suppose s*z + 113 = 2*w - 229, -w + 5*z = -187. What are the prime factors of w?
167
Let g(q) = 49*q**2 - 21*q - 71. Let p be g(-5). Suppose 869 + p = 4*h + 4*l, -4*h + 2128 = 3*l. What are the prime factors of h?
2, 7, 19
Let o(r) = -